{"id":261,"date":"2021-12-16T07:58:12","date_gmt":"2021-12-16T06:58:12","guid":{"rendered":"https:\/\/procurementsummit.de\/booking\/?post_type=product&#038;p=261"},"modified":"2026-03-18T11:45:36","modified_gmt":"2026-03-18T10:45:36","slug":"eisbar","status":"publish","type":"product","link":"https:\/\/salessummit.de\/booking\/shop\/eisbar\/","title":{"rendered":"Eiscreme-Bar"},"content":{"rendered":"<p data-start=\"0\" data-end=\"284\">Die Eiscreme Bar auf dem Summit ist ein echter Publikumsmagnet und sorgt f\u00fcr erfrischende Aufmerksamkeit. In lockerer Atmosph\u00e4re schafft sie ideale Bedingungen f\u00fcr intensive Gespr\u00e4che und setzt eure Marke mit individuellem Branding am Tresen und auf den Eisbechern perfekt in Szene.<\/p>\n<p data-start=\"286\" data-end=\"498\">Enthalten sind 750 Portionen f\u00fcr zwei Tage sowie Standpersonal. Die Ausgabezeiten sind von 10:30 bis 18:00 Uhr und am zweiten Tag von 10:30 bis 17:00 Uhr. Zus\u00e4tzliche 100 Portionen sind f\u00fcr 531 Euro erh\u00e4ltlich.<\/p>\n<p data-start=\"500\" data-end=\"548\" data-is-last-node=\"\" data-is-only-node=\"\">Jetzt mit eiskalter Aufmerksamkeit durchstarten!<\/p>\n","protected":false},"excerpt":{"rendered":"<p>Die Eiscreme Bar auf dem Summit ist ein echter Publikumsmagnet und sorgt f\u00fcr erfrischende Aufmerksamkeit. In lockerer Atmosph\u00e4re schafft sie ideale Bedingungen f\u00fcr intensive Gespr\u00e4che und setzt eure Marke mit individuellem Branding am Tresen und auf den Eisbechern perfekt in Szene. Enthalten sind 750 Portionen f\u00fcr zwei Tage sowie Standpersonal. Die Ausgabezeiten sind von 10:30&hellip; <a class=\"more-link\" href=\"https:\/\/salessummit.de\/booking\/shop\/eisbar\/\"><span class=\"screen-reader-text\">Eiscreme-Bar<\/span> weiterlesen<\/a><\/p>\n","protected":false},"featured_media":269,"comment_status":"open","ping_status":"closed","template":"","meta":[],"product_brand":[],"product_cat":[38],"product_tag":[],"class_list":{"0":"post-261","1":"product","2":"type-product","3":"status-publish","4":"has-post-thumbnail","6":"product_cat-food-beverage","7":"entry","9":"first","10":"instock","11":"sold-individually","12":"taxable","13":"shipping-taxable","14":"purchasable","15":"product-type-simple"},"_links":{"self":[{"href":"https:\/\/salessummit.de\/booking\/wp-json\/wp\/v2\/product\/261","targetHints":{"allow":["GET"]}}],"collection":[{"href":"https:\/\/salessummit.de\/booking\/wp-json\/wp\/v2\/product"}],"about":[{"href":"https:\/\/salessummit.de\/booking\/wp-json\/wp\/v2\/types\/product"}],"replies":[{"embeddable":true,"href":"https:\/\/salessummit.de\/booking\/wp-json\/wp\/v2\/comments?post=261"}],"wp:featuredmedia":[{"embeddable":true,"href":"https:\/\/salessummit.de\/booking\/wp-json\/wp\/v2\/media\/269"}],"wp:attachment":[{"href":"https:\/\/salessummit.de\/booking\/wp-json\/wp\/v2\/media?parent=261"}],"wp:term":[{"taxonomy":"product_brand","embeddable":true,"href":"https:\/\/salessummit.de\/booking\/wp-json\/wp\/v2\/product_brand?post=261"},{"taxonomy":"product_cat","embeddable":true,"href":"https:\/\/salessummit.de\/booking\/wp-json\/wp\/v2\/product_cat?post=261"},{"taxonomy":"product_tag","embeddable":true,"href":"https:\/\/salessummit.de\/booking\/wp-json\/wp\/v2\/product_tag?post=261"}],"curies":[{"name":"wp","href":"https:\/\/api.w.org\/{rel}","templated":true}]}}