{"id":616,"date":"2025-02-04T13:21:14","date_gmt":"2025-02-04T12:21:14","guid":{"rendered":"https:\/\/salessummit.de\/booking\/?post_type=product&#038;p=616"},"modified":"2026-03-18T15:45:41","modified_gmt":"2026-03-18T14:45:41","slug":"popcorn-maschine","status":"publish","type":"product","link":"https:\/\/salessummit.de\/booking\/shop\/popcorn-maschine\/","title":{"rendered":"Popcorn Maschine"},"content":{"rendered":"<p data-start=\"0\" data-end=\"79\"><strong data-start=\"0\" data-end=\"79\">Popcorn-Maschine auf dem Summit \u2013 Knuspriger Hingucker mit Nostalgie-Faktor<\/strong><\/p>\n<p data-start=\"81\" data-end=\"304\">Bringt Messezauber und Kino-Feeling auf euren Stand \u2013 mit unserer Popcorn-Maschine auf dem Summit! Der unwiderstehliche Duft von frisch gepopptem Mais zieht Besucher an, sorgt f\u00fcr Gespr\u00e4chsanl\u00e4sse und bleibt im Ged\u00e4chtnis.<\/p>\n<p data-start=\"306\" data-end=\"476\">Inklusive: <strong data-start=\"317\" data-end=\"372\">Fl\u00e4che, Equipment, individuelles Branding(T\u00fcten), Personal<\/strong> \u2013 und <strong data-start=\"379\" data-end=\"410\">750 Portionen f\u00fcr zwei Tage<\/strong>.<br data-start=\"411\" data-end=\"414\" \/>Mehr Popcorn? <strong data-start=\"428\" data-end=\"467\">100 zus\u00e4tzliche Portionen f\u00fcr 525\u202f\u20ac<\/strong> buchbar.<\/p>\n<p data-start=\"306\" data-end=\"476\">Ausgabezeiten Tag 1 <span data-sheets-root=\"1\">10:30-18:00 \/ 10:30-17:00<\/span><\/p>\n<p data-start=\"478\" data-end=\"543\" data-is-last-node=\"\" data-is-only-node=\"\"><strong data-start=\"478\" data-end=\"543\" data-is-last-node=\"\">Jetzt mit knusprigem Charme und starker Pr\u00e4senz durchstarten!<\/strong><\/p>\n","protected":false},"excerpt":{"rendered":"<p>Popcorn-Maschine auf dem Summit \u2013 Knuspriger Hingucker mit Nostalgie-Faktor Bringt Messezauber und Kino-Feeling auf euren Stand \u2013 mit unserer Popcorn-Maschine auf dem Summit! Der unwiderstehliche Duft von frisch gepopptem Mais zieht Besucher an, sorgt f\u00fcr Gespr\u00e4chsanl\u00e4sse und bleibt im Ged\u00e4chtnis. Inklusive: Fl\u00e4che, Equipment, individuelles Branding(T\u00fcten), Personal \u2013 und 750 Portionen f\u00fcr zwei Tage.Mehr Popcorn? 100&hellip; <a class=\"more-link\" href=\"https:\/\/salessummit.de\/booking\/shop\/popcorn-maschine\/\"><span class=\"screen-reader-text\">Popcorn Maschine<\/span> weiterlesen<\/a><\/p>\n","protected":false},"featured_media":0,"comment_status":"open","ping_status":"closed","template":"","meta":[],"product_brand":[],"product_cat":[38],"product_tag":[],"class_list":{"0":"post-616","1":"product","2":"type-product","3":"status-publish","5":"product_cat-food-beverage","6":"entry","8":"first","9":"instock","10":"sold-individually","11":"taxable","12":"shipping-taxable","13":"purchasable","14":"product-type-simple"},"_links":{"self":[{"href":"https:\/\/salessummit.de\/booking\/wp-json\/wp\/v2\/product\/616","targetHints":{"allow":["GET"]}}],"collection":[{"href":"https:\/\/salessummit.de\/booking\/wp-json\/wp\/v2\/product"}],"about":[{"href":"https:\/\/salessummit.de\/booking\/wp-json\/wp\/v2\/types\/product"}],"replies":[{"embeddable":true,"href":"https:\/\/salessummit.de\/booking\/wp-json\/wp\/v2\/comments?post=616"}],"wp:attachment":[{"href":"https:\/\/salessummit.de\/booking\/wp-json\/wp\/v2\/media?parent=616"}],"wp:term":[{"taxonomy":"product_brand","embeddable":true,"href":"https:\/\/salessummit.de\/booking\/wp-json\/wp\/v2\/product_brand?post=616"},{"taxonomy":"product_cat","embeddable":true,"href":"https:\/\/salessummit.de\/booking\/wp-json\/wp\/v2\/product_cat?post=616"},{"taxonomy":"product_tag","embeddable":true,"href":"https:\/\/salessummit.de\/booking\/wp-json\/wp\/v2\/product_tag?post=616"}],"curies":[{"name":"wp","href":"https:\/\/api.w.org\/{rel}","templated":true}]}}