{"id":658,"date":"2025-05-27T11:19:25","date_gmt":"2025-05-27T09:19:25","guid":{"rendered":"https:\/\/salessummit.de\/booking\/?post_type=product&#038;p=658"},"modified":"2025-11-25T11:53:41","modified_gmt":"2025-11-25T10:53:41","slug":"branding-ballon","status":"publish","type":"product","link":"https:\/\/salessummit.de\/booking\/shop\/branding-ballon\/","title":{"rendered":"Branding-Ballon"},"content":{"rendered":"<p data-start=\"0\" data-end=\"73\"><strong data-start=\"0\" data-end=\"73\">Branding-Ballon auf dem Summit \u2013 Sichtbarkeit, die \u00fcber allem schwebt<\/strong><\/p>\n<p data-start=\"75\" data-end=\"297\">Mit unserem individuell gebrandeten Ballon zieht eure Marke garantiert alle Blicke auf sich \u2013 schon von weitem! Der <strong data-start=\"191\" data-end=\"210\">Branding-Ballon<\/strong> sorgt f\u00fcr maximale Sichtbarkeit auf dem Summit und macht euren Auftritt un\u00fcbersehbar.<\/p>\n<p data-start=\"299\" data-end=\"459\">Ideal als <strong data-start=\"309\" data-end=\"363\">Eyecatcher \u00fcber dem Stand oder an zentraler Stelle<\/strong>, um Pr\u00e4senz zu zeigen, Orientierung zu geben und euer Branding wirkungsvoll in Szene zu setzen.<\/p>\n<p data-start=\"461\" data-end=\"506\" data-is-last-node=\"\" data-is-only-node=\"\"><strong data-start=\"461\" data-end=\"506\" data-is-last-node=\"\">Jetzt Aufmerksamkeit in neue H\u00f6hen heben!<\/strong><\/p>\n","protected":false},"excerpt":{"rendered":"<p>Branding-Ballon auf dem Summit \u2013 Sichtbarkeit, die \u00fcber allem schwebt Mit unserem individuell gebrandeten Ballon zieht eure Marke garantiert alle Blicke auf sich \u2013 schon von weitem! Der Branding-Ballon sorgt f\u00fcr maximale Sichtbarkeit auf dem Summit und macht euren Auftritt un\u00fcbersehbar. Ideal als Eyecatcher \u00fcber dem Stand oder an zentraler Stelle, um Pr\u00e4senz zu zeigen,&hellip; <a class=\"more-link\" href=\"https:\/\/salessummit.de\/booking\/shop\/branding-ballon\/\"><span class=\"screen-reader-text\">Branding-Ballon<\/span> weiterlesen<\/a><\/p>\n","protected":false},"featured_media":664,"comment_status":"open","ping_status":"closed","template":"","meta":[],"product_brand":[],"product_cat":[17],"product_tag":[],"class_list":{"0":"post-658","1":"product","2":"type-product","3":"status-publish","4":"has-post-thumbnail","6":"product_cat-branding","7":"entry","9":"first","10":"instock","11":"sold-individually","12":"taxable","13":"shipping-taxable","14":"purchasable","15":"product-type-simple"},"_links":{"self":[{"href":"https:\/\/salessummit.de\/booking\/wp-json\/wp\/v2\/product\/658","targetHints":{"allow":["GET"]}}],"collection":[{"href":"https:\/\/salessummit.de\/booking\/wp-json\/wp\/v2\/product"}],"about":[{"href":"https:\/\/salessummit.de\/booking\/wp-json\/wp\/v2\/types\/product"}],"replies":[{"embeddable":true,"href":"https:\/\/salessummit.de\/booking\/wp-json\/wp\/v2\/comments?post=658"}],"wp:featuredmedia":[{"embeddable":true,"href":"https:\/\/salessummit.de\/booking\/wp-json\/wp\/v2\/media\/664"}],"wp:attachment":[{"href":"https:\/\/salessummit.de\/booking\/wp-json\/wp\/v2\/media?parent=658"}],"wp:term":[{"taxonomy":"product_brand","embeddable":true,"href":"https:\/\/salessummit.de\/booking\/wp-json\/wp\/v2\/product_brand?post=658"},{"taxonomy":"product_cat","embeddable":true,"href":"https:\/\/salessummit.de\/booking\/wp-json\/wp\/v2\/product_cat?post=658"},{"taxonomy":"product_tag","embeddable":true,"href":"https:\/\/salessummit.de\/booking\/wp-json\/wp\/v2\/product_tag?post=658"}],"curies":[{"name":"wp","href":"https:\/\/api.w.org\/{rel}","templated":true}]}}