{"id":768,"date":"2025-10-07T11:41:17","date_gmt":"2025-10-07T09:41:17","guid":{"rendered":"https:\/\/salessummit.de\/booking\/?post_type=product&#038;p=768"},"modified":"2026-03-03T14:48:00","modified_gmt":"2026-03-03T13:48:00","slug":"kuehlschrank-branding","status":"publish","type":"product","link":"https:\/\/salessummit.de\/booking\/shop\/kuehlschrank-branding\/","title":{"rendered":"Branding-K\u00fchlschrank"},"content":{"rendered":"<p data-start=\"121\" data-end=\"392\">Steigere die Pr\u00e4senz deiner Marke in der Messehalle mit individuell gebrandeten K\u00fchlschr\u00e4nken! Strategisch platziert ziehen sie die Blicke der Besucher auf sich und sorgen f\u00fcr einen bleibenden Eindruck. Im Paket sind 6 Ger\u00e4te enthalten, aufstocken ist nach Absprache m\u00f6glich.<\/p>\n<p data-start=\"394\" data-end=\"422\"><strong data-start=\"394\" data-end=\"404\">Preis:<\/strong> 310 \u20ac pro Ger\u00e4t<\/p>\n","protected":false},"excerpt":{"rendered":"<p>Steigere die Pr\u00e4senz deiner Marke in der Messehalle mit individuell gebrandeten K\u00fchlschr\u00e4nken! Strategisch platziert ziehen sie die Blicke der Besucher auf sich und sorgen f\u00fcr einen bleibenden Eindruck. Im Paket sind 6 Ger\u00e4te enthalten, aufstocken ist nach Absprache m\u00f6glich. Preis: 310 \u20ac pro Ger\u00e4t<\/p>\n","protected":false},"featured_media":774,"comment_status":"open","ping_status":"closed","template":"","meta":[],"product_brand":[],"product_cat":[17],"product_tag":[],"class_list":{"0":"post-768","1":"product","2":"type-product","3":"status-publish","4":"has-post-thumbnail","6":"product_cat-branding","7":"entry","9":"first","10":"instock","11":"sold-individually","12":"taxable","13":"shipping-taxable","14":"purchasable","15":"product-type-simple"},"_links":{"self":[{"href":"https:\/\/salessummit.de\/booking\/wp-json\/wp\/v2\/product\/768","targetHints":{"allow":["GET"]}}],"collection":[{"href":"https:\/\/salessummit.de\/booking\/wp-json\/wp\/v2\/product"}],"about":[{"href":"https:\/\/salessummit.de\/booking\/wp-json\/wp\/v2\/types\/product"}],"replies":[{"embeddable":true,"href":"https:\/\/salessummit.de\/booking\/wp-json\/wp\/v2\/comments?post=768"}],"wp:featuredmedia":[{"embeddable":true,"href":"https:\/\/salessummit.de\/booking\/wp-json\/wp\/v2\/media\/774"}],"wp:attachment":[{"href":"https:\/\/salessummit.de\/booking\/wp-json\/wp\/v2\/media?parent=768"}],"wp:term":[{"taxonomy":"product_brand","embeddable":true,"href":"https:\/\/salessummit.de\/booking\/wp-json\/wp\/v2\/product_brand?post=768"},{"taxonomy":"product_cat","embeddable":true,"href":"https:\/\/salessummit.de\/booking\/wp-json\/wp\/v2\/product_cat?post=768"},{"taxonomy":"product_tag","embeddable":true,"href":"https:\/\/salessummit.de\/booking\/wp-json\/wp\/v2\/product_tag?post=768"}],"curies":[{"name":"wp","href":"https:\/\/api.w.org\/{rel}","templated":true}]}}